 v = -47 - y. What is d(v)?
-16
Let p(y) = y**2 - 7*y + 7. Suppose -26 = -5*n + 9. What is p(n)?
7
Let b = -96 + 107. Suppose 86 - 31 = b*l. Let s(p) = 3 + 6*p - p**2 + 3 - 2*p. Calculate s(l).
1
Let f(c) = c - 4. Let i(x) = -4*x + 15. Let j(m) = 22*f(m) + 6*i(m). Determine j(3).
-4
Let o be 261/145*(-10)/3. Let c(r) = r**3 + 5*r**2 - 8*r - 14. What is c(o)?
-2
Let w(x) = x**2 - 5*x - 5. Let h be (-6)/8*(-1 - 7). Let v be w(h). Let o(r) = -12*r - 7. Let g(f) = -f - 1. Let q(s) = 6*g(s) - o(s). Calculate q(v).
7
Suppose 4*s = -4*g + 48, -5*s - 5*g = -2*s - 30. Suppose z + s = 6*z. Let a(m) = -z*m - m + 6*m. Give a(-1).
-2
Let m(p) = -10. Let d be 11 - (1 - -4) - (4 + -1). Let l(f) = -f - 9. Let o(t) = d*l(t) - 2*m(t). Give o(-6).
11
Let r be (2/(-4))/((-6)/168). Let l be (-2)/(-4) - r/(-4). Let y(t) = -t**2 + 3*t - 5. Give y(l).
-9
Let w(f) = -2*f**2 + f + 5. Let p be w(-3). Let a be -5*9/((-180)/p). Let h(z) = -z - 5. Give h(a).
-1
Let i be 14/(-21) - 226/(-6). Let f = i - 31. Let o(n) = n**2 - 5*n - 8. Give o(f).
-2
Let t(h) = -28*h**2 - h + 2. Let s = -477 - -478. Give t(s).
-27
Let o(q) = -2*q**3 + 3*q + 2. Suppose 8 = 3*a + 5*n + 4, 0 = -a + n - 4. Determine o(a).
12
Let z(m) be the third derivative of -m**4/6 + m**3 + 463*m**2. Let k be (3*-2)/(6/(-4)). Give z(k).
-10
Let j be ((-1)/2)/(23 - (-1485)/(-66)). Let v(y) be the second derivative of 3*y**5/10 + y**4/6 + y**3/3 + y**2/2 - 2*y. Determine v(j).
-5
Suppose 0 = -4*k - 4*q + 72, 4*k + q = 86 - 26. Let j(w) = -w + 17. Let o be j(k). Let u(a) = -a**2 + a - 3. What is u(o)?
-9
Let l(z) = z**2 + 6*z - 6. Suppose -32 = 5*a + 2*r, -3 = -4*a - 3*r - 23. Determine l(a).
10
Suppose 652 + 180 = -52*v. Let q(b) = 4*b + 29. Determine q(v).
-35
Let s = 1 + -1. Suppose -2*p + 1 + 7 = s, 18 = 2*q + 3*p. Let a(o) = -2*o**3 - q*o + o**3 + 2 + 7*o**2 - 4*o. Calculate a(6).
-4
Let r(u) = -2*u - 31. Let s(m) = -2*m - 27. Let v(t) = -4*r(t) + 5*s(t). What is v(-10)?
9
Let p(o) be the second derivative of -o**3/2 - 9*o**2/2 + 8*o. What is p(-6)?
9
Let q be (27/(-3))/(-3) - 1. Suppose c + 4*f - 2 = 3*f, f - 2 = -q*c. Let n(g) = -13*g + 3*g + 2 + 3*g + c. Give n(2).
-12
Let w(p) be the first derivative of -p**6/180 + p**5/30 - p**4/8 - p**3 + 1. Let m(s) be the third derivative of w(s). Suppose 5*f - 10 - 5 = 0. Give m(f).
-9
Let h(t) = 10 + 5*t + t**2 - 2 + 6*t. Suppose 50 = 24*v - 29*v. Determine h(v).
-2
Let t(a) be the first derivative of a**4/4 + 2*a**3/3 - a**2/2 - 2*a - 179. Calculate t(-3).
-8
Let s(b) = -b + 1. Let u(c) = c**2 + c + 1. Let t(n) = 3*n**2 + 8*n + 2. Let o(a) = t(a) - 4*u(a). Let v(w) = -o(w) - 3*s(w). Let f be (-1)/(-1)*0/2. Give v(f).
-1
Let q(l) = -l**2 + 2*l + 2. Let i(x) = -2*x**2 + 3*x + 3. Let j(t) = 4*t - 21. Let c be j(4). Let y(g) = c*q(g) + 2*i(g). Give y(6).
8
Let z(x) be the second derivative of 1/180*x**6 + 1/60*x**5 + 0*x**3 + 0*x**2 + 1/12*x**4 + 7*x + 0. Let v(s) be the third derivative of z(s). Determine v(2).
10
Let f be 81/18*(-8)/(-12). Let d(v) be the third derivative of v**6/120 - v**5/30 - v**3/2 + 2*v**2. Determine d(f).
6
Let t = 68 - 66. Let r(b) = -2 - 2*b + 3*b**2 + 6*b**t - 17*b**2 + 5*b**2. What is r(-2)?
-10
Let r(u) = u**3 - 2*u**2 + u - 1. Let q be 0 + (100 - 1) + (-8)/(-4). Suppose 102 = d + q. What is r(d)?
-1
Suppose 3*d - 7 = -4*a - 41, 4*a - d + 42 = 0. Let z be (-25)/a - (-2)/(-4). Let m(n) = -5 - n + z + 5. Give m(0).
2
Let p = -3 + 6. Let h(l) = p*l + 4 - 4*l + 0*l. Suppose 9*j + 23 + 13 = 0. Calculate h(j).
8
Let f(i) = -i + 21 - 14 - 13 - 4*i. Let o(w) = 14*w + 17. Let g(a) = 17*f(a) + 6*o(a). Let n(s) = -3*s**2 + 2*s + 1. Let h be n(-1). Determine g(h).
4
Let t(l) = l**2 - 9*l + 6. Suppose 3*i - i - 340 = -4*g, 5*g + 2*i = 424. Suppose 0 = 3*k - 18 + g. Let o = -14 - k. Determine t(o).
-2
Suppose 6*t = 9*t - 6. Let y(r) = 1 + 0 - 2 + t + 2*r. What is y(5)?
11
Let j(m) = 15*m - 10. Let f(r) = -27*r + 21. Let p(v) = 6*f(v) + 11*j(v). Give p(-7).
-5
Let v(a) = -2*a + 1. Let i be v(-2). Let l(k) = k**3 - i + 1 - 4*k**2 + 3. Calculate l(3).
-10
Let o(l) = -4*l + 1 - 10*l + l + 20*l + 0*l. Determine o(5).
36
Let b(v) be the third derivative of -v**5/60 - v**4/24 - v**3/3 + 65*v**2. Calculate b(-2).
-4
Let j be 270/5 - (0 + 1). Let k(s) = -j*s - 51*s + 2 + s**2 + 108*s. Let r be (-4 + -2)/((-6)/(-4)). Calculate k(r).
2
Let u(g) be the third derivative of -g**4/6 - 11*g**3/3 - 17*g**2 - 1. Give u(-7).
6
Let w(d) = 5*d**2 - 7*d**3 + 2*d**3 - 12*d + 6*d**3 + d - 7. Let q(n) = -n - 1. Let j(y) = -4*q(y) + w(y). Give j(-6).
3
Let f(w) = -w**3 - 6*w**2 - 8*w - 6. Let v = 155 - 160. Calculate f(v).
9
Let h(x) = 2*x + 6. Suppose 2*n = -3*j - 10, 0 = -3*n + 2*n + 1. Determine h(j).
-2
Let r(a) = 2*a**2 + 9*a - 7. Let f = 444 + -450. What is r(f)?
11
Let a(r) = -r**3 - 4*r**2 + 2*r. Suppose -5*x - 107 + 482 = 0. Let c = x - 79. Give a(c).
-8
Suppose -2 = 2*f - 0*f. Let r(s) be the third derivative of s**4/6 - s**3/6 - 6*s**2. Determine r(f).
-5
Let q(r) = -r. Let x be (-418)/(-5) + (-2)/(-5). Suppose i + 3*i - x = 0. Let p = -26 + i. Calculate q(p).
5
Let h(f) = -f**3 + 2. Let l(d) be the third derivative of -d**4/24 + 2*d**3/3 - 7*d**2. Let n be l(2). Let w be h(n). Let z(b) = b**2 + 6*b + 5. Calculate z(w).
5
Let p(m) = 5 - 1875*m + 1883*m - 4. Calculate p(3).
25
Let s(u) be the third derivative of -u**6/120 - u**5/30 + u**4/6 - u**3/2 + 85*u**2. Determine s(2).
-11
Let a(x) = -2*x - 3*x**3 + 10 - 8 + 2*x**3 - 7*x**2 - 7. What is a(-7)?
9
Let f(u) be the third derivative of u**5/60 - u**4/24 + u**3/3 + 2*u**2 - 9. Give f(5).
22
Let o(n) = -n**2 + 3*n + 4. Let x(p) = -2*p**2 - 31*p - 60. Let c be x(-13). Calculate o(c).
-6
Let h be 0 - (2 - (-3 - 1)). Let j(d) = d**2 + 35222*d - 3 - 70441*d + 35227*d. What is j(h)?
-15
Let f = -2602 + 2602. Let z(h) be the third derivative of f*h**3 + h**2 - 1/8*h**4 + 0*h + 0. What is z(-4)?
12
Let j(l) be the second derivative of -7*l**3/6 + 3*l**2/2 - 37*l. Let d be (-4)/16 + 9/4. What is j(d)?
-11
Let t(o) = 2*o**2 - 3*o - 1. Let c be t(-1). Let f(j) = c*j + 5 + 5*j - 8*j - 2*j. Suppose -8*w + 7*w = 0. Determine f(w).
5
Let b be 5/10*(-3)/(9/(-48)). Suppose 0 = -2*v + 4*a + 8, v + b = -2*a + 20. Let o(f) = f**2 - 9*f + 9. Give o(v).
1
Suppose 0 = -5*k + 3*j - 5, 2*k - 2*j + 6 = -0*k. Let u be 3 - -1*(1 - k). Let o(g) = g**2 - 7*g. Let l(z) = -z - 1. Let w(n) = -3*l(n) + o(n). Determine w(u).
-1
Let f(x) = x. Suppose -20 = 66*i - 64*i. Calculate f(i).
-10
Let a(x) = -21*x**2 - 2*x + 0*x + 82*x**2 - 8 + x**3 - 54*x**2. What is a(-7)?
6
Let o = -57 + 80. Let w = -20 + o. Suppose 7 = -2*a + w*z - 8*z, 3*a - 21 = 3*z. Let t(b) = -b**2 + b - 2. Determine t(a).
-14
Suppose 8 = o + 5*l - 0, 3*o + l = -18. Let u(v) = -v**3 - 6*v**2 + 9*v - 7. Give u(o).
-21
Let o = 517 + -517. Let b(n) = -n**3 + n**2 + n + 12. Calculate b(o).
12
Let v(o) = -2*o - 37. Let r = 1347 - 1366. What is v(r)?
1
Let d = 14 - -56. Suppose d = -9*c - 2. Let x(f) = -3*f - 7. Calculate x(c).
17
Suppose -5*u + 0*j + 35 = -j, 2*u = -4*j - 8. Let f(p) = -p**2 - 2*p - 5 + u*p**2 - 5*p - 6*p**2. Determine f(-5).
5
Let k(r) = 6*r + 2. Let n(m) = -2*m - 1. Let b(v) = -k(v) - 2*n(v). Let h = -2 - 0. Determine b(h).
4
Let d(l) = l**3 - 11*l**2 + 8*l. Let m = 364 - 354. Give d(m).
-20
Let f(c) = 1 - 5 - 3*c + 9*c**2 + 0 + 7 - 10*c**2. Let l be (-1)/(8/(-10) + 1). Calculate f(l).
-7
Let a(w) = w**2 + w - 9. Let r be a(-4). Suppose r = 4*d - 5, -d - 2 = -o. Let g(y) = -2*y**3 + 4 + y**3 + 4*y + 3*y**2 + 0*y. Determine g(o).
4
Let n(v) be the first derivative of 1/4*v**4 + 0*v + 9 + 7/3*v**3 + v**2. Determine n(-6).
24
Let j = -363 - -366. Let a(h) = 6*h**2 - 14*h - 5. Calculate a(j).
7
Let t(b) = -9*b**2 - 8*b - b**3 + 8 + 30*b**2 - 14*b**2. Let p = 6 + 0. Calculate t(p).
-4
Let a(c) = 2*c - 5. Let g(r) = -6*r + 1 + 0 + 5*r. Let m(k) = a(k) + 4*g(k). Suppose -12 = 2*y - 2. Give m(y).
9
Let i be (-28)/6*(-72)/48. Let b(q) be the first derivative of 7/3*q**3 + 4*q**2 - 1/4*q**4 - i + 3*q. Calculate b(8).
3
Let i(f) = 12 + 3 + 8*f - 9*f. Let h be i(12). Let u(v) = -v**h - 5 + 2*v**2 + 9*v**2 + v - 11*v**2. Determine u(0).
-5
Let j be ((-5)/((-25)/10))/(-1)*-3. Let z(r) = r**2 - 8*r - 1. Calculate z(j).
-13
Let n(a) be the second derivative of -2*a**3/3 - 11*a**2/2 - 